 = 249 - 240. Let s = 11 - 6. Suppose 2*f - 103 = s. Calculate the highest common divisor of q and f.
9
Suppose 2*t - 4*j = 16, -4*j = -2*t + j + 15. Suppose 2*g - t - 4 = 0. Suppose -2*u + 3 = -g. What is the greatest common factor of u and 2?
1
Suppose -8 + 92 = 7*r. Calculate the highest common factor of r and 420.
12
Let p(d) = -d + 22. Let w be ((-6)/24)/(1/(-44)). Let i be p(w). Calculate the greatest common divisor of 11 and i.
11
Let t be (2 - -1)/(2/(-220)*-6). Suppose 0 = -11*o - t + 330. Calculate the highest common divisor of o and 125.
25
Let u = -117 + 122. Calculate the greatest common factor of 35 and u.
5
Suppose -u - 4*g + 52 = 2*u, 28 = 2*u + 4*g. Let s = -298 + 514. What is the greatest common divisor of u and s?
24
Let u(h) = -h**2 + 46*h - 21. Let l be u(39). What is the highest common factor of l and 924?
84
Let x be 37/(-13) + 26/(-169). Let d(m) = 2*m + 5. Let y be d(x). Let w be 11 + y + (-2 - 1). Calculate the highest common factor of 49 and w.
7
Let j(k) = -k**3 + 5*k**2 + 6*k + 5. Let h be j(6). Suppose 0 = -4*p - h*q + 37, -3*q - 40 = -5*p - 8*q. What is the greatest common factor of p and 3?
3
Suppose -11*j - 1242 = -2*j. Let g be j/(-4) - 3/(-2). What is the highest common divisor of 24 and g?
12
Suppose 296 - 2408 = -6*d. What is the greatest common divisor of 99 and d?
11
Suppose -5*i + 1367 = h + 2*h, 0 = 5*h - 3*i - 2301. What is the highest common factor of 9 and h?
9
Let m be 3/1 - (-4 + 4). Suppose -8*p = 4*h - 4*p - 40, -3*p + 15 = 2*h. Calculate the greatest common factor of h and m.
3
Suppose 28*p = 30*p - 2*v - 106, -4*p - 5*v = -176. Calculate the highest common divisor of p and 1.
1
Let z = 2793 - 2685. What is the greatest common factor of 12 and z?
12
Let r(v) = 5*v - 16. Suppose 0 = 4*h - 104 + 48. Let y be r(h). What is the greatest common factor of 36 and y?
18
Let p = 21 + -19. Suppose -8 = 5*g + 4*k, -2 = -p*g - 2*k - 4. Let n be 6/g - 612/(-8). What is the greatest common factor of n and 30?
15
Suppose 0 = f - 4*q - 2, -20 = -4*f - q + 5*q. What is the greatest common factor of 18 and f?
6
Let h(i) = 7*i**2 - 39*i - 286. Let r be h(-10). What is the highest common divisor of 24 and r?
12
Let n = -78 - -81. Suppose -n*x + 53 - 15 = -2*w, -w - 24 = -2*x. Calculate the highest common factor of 10 and x.
10
Suppose 17*v - 14*v = 5*i - 88, 2*i = -3*v + 31. Suppose -b - 85 = -6*b. What is the highest common divisor of i and b?
17
Let z = 9 + -6. Suppose r = -4*y + 1, -5*y = 4*r - 1 - z. What is the highest common factor of r and 15?
1
Suppose 16*u - 605 - 3395 = 0. What is the greatest common divisor of u and 125?
125
Let u(h) be the first derivative of -31*h**2/2 - 5*h + 13. Let w be u(-5). What is the greatest common factor of w and 25?
25
Suppose 24*w - 19*w = 110. Calculate the highest common divisor of w and 33.
11
Let o(u) = -u**2 - 14*u + 9. Let t be o(-15). Let k be 3/4 + t/8. Suppose 2*n - 32 - 6 = k. What is the greatest common factor of n and 95?
19
Let g(m) = m**3 + 2*m**2 - 20*m - 5. Let k(o) = -o**3 + o**2 + o - 1. Let x(h) = -g(h) - 2*k(h). Let t be x(8). What is the highest common factor of 37 and t?
37
Let s(l) be the second derivative of 17*l**5/20 - l**4/6 - 5*l**3/6 + 3*l**2 - 29*l. Let u be s(3). What is the highest common factor of 48 and u?
48
Let b(x) = x**3 + 12*x**2 + 7*x - 14. Let c be b(-7). Let j = -49 + 75. Calculate the greatest common divisor of j and c.
26
Suppose 3 = 4*a - 1, r + 4*a - 3 = 0. Let v be (-96)/(-18) - r/(-3). Suppose 3*z = 4*z - v. Calculate the highest common factor of z and 5.
5
Suppose 0 = -5*z + 3*b + 1047, 2*b - 2 = -10. Calculate the highest common divisor of z and 9.
9
Let i = 247 + -245. Suppose 4 = 2*h + 2. Let c be 1 - -2 - h*-7. What is the greatest common factor of c and i?
2
Suppose 5*x = -5*t + 7 - 2, 5*t - 45 = 5*x. Suppose 10*o - t = 9*o. What is the highest common factor of 45 and o?
5
Let u be (-4)/16 - 7/4. Let y be (3/(-3) - u)/(-1)*-161. What is the highest common factor of 23 and y?
23
Let t be (3 + (-26)/10)/(3/15). Let n = 14 - 10. Suppose -2*c = t*u - 42, -5*u + n*c - 31 + 109 = 0. Calculate the highest common divisor of u and 2.
2
Let a(m) = 104*m**2 + m + 2. Let h be a(2). Suppose 37*s + h = 40*s. Calculate the highest common factor of s and 56.
28
Let p be -2 + (1*3 - (0 + 2)). Let k(t) = -101*t + 3. Let z be k(p). What is the highest common divisor of 13 and z?
13
Let j be (19 - (4 - (-4 - -3)))/1. What is the highest common factor of 98 and j?
14
Suppose 0 = -3*j + 39 - 12. Suppose -y = 5*i + j, 3*y + 5*i - 27 = -4. Let s(w) = 47*w**2 + 1. Let x be s(1). Calculate the highest common divisor of x and y.
16
Let k be (108/(-14))/(24/(-112)). Suppose 3*z = 3*n + 78, -5*z + 88 = n - k. Suppose -10*y = -11*y + 5. Calculate the greatest common divisor of y and z.
5
Suppose 7 - 1 = 2*h. Suppose -a + 46 = 5*t, -t = 5*a - 242 + 36. Suppose -h*n + 635 = a. What is the greatest common divisor of 18 and n?
18
Suppose -12*l + 3663 = 1131. Calculate the highest common divisor of 1 and l.
1
Let g = 463 + 681. Calculate the greatest common factor of 208 and g.
104
Suppose -4*b + f + 3*f + 44 = 0, 27 = 2*b - 3*f. Let p be 105/10 - (-3)/b*-1. Calculate the highest common factor of 120 and p.
10
Suppose 0 = 1237*t - 1230*t - 2331. What is the greatest common divisor of 9 and t?
9
Let w = 1762 - 1650. What is the highest common divisor of w and 7?
7
Suppose -3 = v - 42. Let u(a) = 3*a - 5. Let p be u(6). What is the highest common divisor of v and p?
13
Suppose w + p - 1374 = 0, -2*w + 4*p + 2745 = 7*p. What is the highest common divisor of w and 27?
27
Let s(z) = z**2 + 8*z + 11. Let u be s(-1). Let a(q) = 2*q - 10. Let p be a(7). Calculate the highest common factor of u and p.
4
Let r be -6 + 12/4 + 13. Let z be 4/((-16)/(-10))*20. What is the highest common factor of r and z?
10
Let g be -8 + 6 + (-2 - 0). Let o = g - -4. Let i be 198/6 - (1 - o). What is the highest common divisor of 4 and i?
4
Let j(a) = 136*a**2 + 2*a + 2. Let s be j(-1). What is the greatest common factor of 17 and s?
17
Suppose -12*d - 3023 - 1525 = 0. Let f = d + 569. What is the highest common divisor of 76 and f?
38
Let u be 14 + 5 + 4*-1. Calculate the greatest common factor of 18 and u.
3
Suppose -62 = -109*o + 108*o. Calculate the greatest common factor of 434 and o.
62
Suppose 0 = -4*y - x + 3*x + 72, -3*y = -2*x - 52. Let t be (2 + (-10)/(-3))*75/y. Let m = 42 - 12. Calculate the highest common factor of m and t.
10
Let m = 261 - 249. What is the highest common divisor of m and 108?
12
Let a = 17 + 19. Let v(q) = -q**3 + 6*q**2 + 2*q - 10. Let c be v(6). Let p be 17 - 8/c - 4. Calculate the highest common divisor of p and a.
9
Let o = -2 + 17. Let z(q) = 11*q - q**2 + 10 + 3 + 19 + 0. Let u be z(13). What is the highest common divisor of o and u?
3
Let p be (-64)/(-10) + (-4)/10. Let i be 70/4 - 9/p. Suppose 1 - i = -3*x. Calculate the greatest common factor of 55 and x.
5
Let w(j) = j**2 + 3*j + 3. Let f be w(-5). Suppose -68*x - 4*k + 18 = -70*x, -x + 11 = 3*k. Let u = x + f. Calculate the highest common divisor of u and 12.
12
Let a = -218 + 76. Let p = -58 - a. Let h(b) = -b**2 + 12. Let d be h(0). Calculate the greatest common factor of d and p.
12
Let r = 1 - -1. Let c be 26 - r/(2/1). Suppose c = q + 1. Calculate the highest common factor of 6 and q.
6
Suppose x - 5*j - 2360 = 0, 33*x + 3*j = 29*x + 9417. Calculate the highest common factor of x and 15.
15
Let k be 70/(-4)*(-94)/47. What is the greatest common divisor of k and 14?
7
Let w = -8 - -73. Let b(r) = 2*r**2 - 7*r + 11. Let o be b(2). Calculate the greatest common factor of o and w.
5
Let p = -66 + 68. Suppose 5*v - 21 = -3*i + 14, -26 = -4*v - 2*i. What is the highest common factor of p and v?
2
Let y be (-4)/(-12) + (-3)/((-9)/(-178)). Let p = y + 122. Let s(j) = -j**3 - 4*j**2 - 2*j + 7. Let o be s(-5). Calculate the highest common divisor of o and p.
21
Suppose 0 = -5*v + v - 68. Let i = -15 - v. Suppose 2*c = -n - i*c + 138, 3*c - 513 = -4*n. Calculate the highest common divisor of 18 and n.
18
Suppose 16 = 4*w - 2*j, -20 = -5*w + 4*j + j. Let h(m) = w*m + 3*m + 3 - 6*m. Let y be h(9). What is the highest common factor of y and 8?
4
Let g(h) = -h**3 + h**2 + 5*h - 3. Let t be g(-6).